7*w + 740. List the prime factors of p(-42).
2, 21559
Let t = 4682 - 432. List the prime factors of t.
2, 5, 17
Let l(s) = 540*s - 172. What are the prime factors of l(12)?
2, 19, 83
Let d(g) = -g**2 - g + 1. Let l(q) = -14*q**2 + 1. Let c(v) = d(v) - l(v). Let y be c(1). Suppose y*x - 765 = 3*x. What are the prime factors of x?
5, 17
Let q(r) = r**2 + 1. Let l(b) = -4*b**2 - 3*b - 1. Let o(k) = l(k) + 6*q(k). Let x(d) = 2*d - 4. Let a be x(5). List the prime factors of o(a).
59
Let y(d) = -d**3 - 2*d**2 - d. Let m(q) = 3*q**3 - q**2 - 13*q - 39. Let s(z) = m(z) + 6*y(z). What are the prime factors of s(-8)?
19, 43
Let j be (-5115)/(-651) - 1*(-1)/7. Suppose -v = 3*q - 5701, -6*v + j*v = 2*q - 3790. What are the prime factors of q?
3, 211
Let l(o) be the first derivative of -o**4/4 - 2*o**3/3 - 7*o**2/2 - 11*o - 67. List the prime factors of l(-7).
283
Suppose -154*t + 150*t - 3*z = -24804, 0 = 3*t - 4*z - 18603. What are the prime factors of t?
3, 13, 53
Let p(u) = -213 - 232 - u**2 + 10*u + 449. Let r be (15/(-6) + 0)*-2. What are the prime factors of p(r)?
29
Suppose 21*b - 9740 = 16*b - 5*w, 10 = 2*w. List the prime factors of b.
29, 67
Let x = 8729 + -4374. What are the prime factors of x?
5, 13, 67
Let m(w) = -18*w + 14. Let t = 52 - 50. Let g(x) = 35*x - 27. Let v(s) = t*g(s) + 5*m(s). What are the prime factors of v(-5)?
2, 29
Suppose 0 = 21*i - 27*i - 342. Let b = -28 - i. What are the prime factors of b/(4*5/20)?
29
List the prime factors of (12 + -9 + 2838)/((-4)/(-24)).
2, 3, 947
What are the prime factors of (-165)/440 - 45235/(-8)?
2, 11, 257
Let i = 2085 + -1473. Suppose 195 = -3*d + i. What are the prime factors of d?
139
Let f(z) be the second derivative of -z**4/12 + 9*z**3/2 + 35*z**2/2 - z. Let l = -4748 + 4766. What are the prime factors of f(l)?
197
Let p = 24382 - -45257. What are the prime factors of p?
3, 139, 167
Let v(n) = 13*n - 22. Let c be v(3). Let f(x) = 22*x - 3*x - 10*x - c + x**2. List the prime factors of f(-12).
19
Let w = -43814 - -62765. List the prime factors of w.
3, 6317
Let u(p) = 4*p + 66. Let s be u(-18). List the prime factors of 32/s*((-600)/32 - 3).
2, 29
Let g(h) be the third derivative of 7/12*h**4 + 0*h**3 + 0 + h**2 + 0*h. List the prime factors of g(15).
2, 3, 5, 7
Suppose 0 = 4*c + 5*l - 218, -3*c = -4*l - 32 - 147. Let z(j) = 8 - 71*j + 6 + c*j. What are the prime factors of z(-8)?
2, 3, 7
Suppose 4*k + 4*r - 89496 = 0, 4*k + 486*r = 491*r + 89469. List the prime factors of k.
3, 7457
Let j be (24/(-14))/((-22)/1001). Let l be ((-2)/10 + j/15)*2. List the prime factors of (8/l)/((-976)/490 + 2).
2, 7
Let i be -1*(-1 - -3) + 7. Suppose i*g - 4*k = -0*k + 1091, 2*k = -3*g + 637. What are the prime factors of g?
5, 43
List the prime factors of 9603225/1275 - 1/(-17).
2, 7, 269
Suppose -o - 16751 = -2*t, 0 = 19*t - 23*t + 9*o + 33509. What are the prime factors of t?
5, 67
Suppose 0 = -66*o - 30*o + 469536. What are the prime factors of o?
67, 73
Let j(b) = b - 3. Let m be j(-5). Let v be 444/14 + 24/84. List the prime factors of (-24)/v + (-654)/m - 2.
79
Let w = 373 - 385. List the prime factors of (1 - w)*(-9)/((-9)/2).
2, 13
Suppose 141 = 37*m - 34*m. What are the prime factors of (-5 + 6)*1*m*21?
3, 7, 47
Let y(x) = 3*x**3 + 7*x**2 + 20*x + 10. Let i(g) = -8*g**3 - 20*g**2 - 59*g - 29. Let a(j) = 6*i(j) + 17*y(j). What are the prime factors of a(7)?
2, 439
Suppose 0*i + i - 4 = 0, 4*u - 28 = -5*i. Suppose 9*l + 2*n + 1418 = 12*l, 4*l - 1890 = u*n. List the prime factors of l.
2, 59
Let b(j) = j**2 - 5*j - 16. Let u be -8*(3 - (0 - -1 - -3)). Let v be b(u). Let n(o) = -2*o**3 + 18*o**2 - 9*o - 16. What are the prime factors of n(v)?
2, 5
Suppose -2*q + 3791 = 3*j + 252, -4*j - 5334 = -3*q. List the prime factors of q.
2, 887
List the prime factors of 37857/5 + ((-138)/(-828))/((-10)/24).
67, 113
Let d be (-10)/(-4)*(-48)/(-30). Let w be 96/20 - d/(-20). Suppose 0*y - w*y + 3*n + 434 = 0, -n + 252 = 3*y. What are the prime factors of y?
5, 17
What are the prime factors of (0 + -3)*(70056/(-27))/7?
2, 139
Suppose -8*j + 11*j - 5*i = 64, 41 = 2*j - 3*i. Suppose -2*t = j*t - 6945. List the prime factors of t.
463
Let x(p) = 24*p**3 + 6*p + 53142. What are the prime factors of x(0)?
2, 3, 17, 521
Let y(s) = 1597*s - 23. Let k be y(8). Suppose -19*t + 6*t = -k. List the prime factors of t.
3, 109
Let s = 10989 - 10908. List the prime factors of s.
3
Let z = -152 + 215. Suppose 466 = 4*j - 5*l, 2*l + z = 3*j - 290. List the prime factors of j.
7, 17
Suppose -4*g + 16724 = -33187 - 89097. List the prime factors of g.
2, 3, 181
What are the prime factors of 1873198*(-7)/(-210) + -2 + (-155)/(-75)?
2, 5, 7, 223
List the prime factors of (-738 - -422)*100/(-2).
2, 5, 79
Let k(l) = 3*l**3 + 63*l**2 + 62*l + 51. Let h(a) = -a**3 - 21*a**2 - 21*a - 17. Let p(m) = 11*h(m) + 4*k(m). What are the prime factors of p(-19)?
2, 13
Let h be (3 - (-80)/5) + 0. Let m(t) = -t**3 + 3 - 23*t - 17 - 5 - h*t**2. List the prime factors of m(-18).
71
Let f(u) = 6*u + 48. Let n be f(-9). Suppose 18 = 2*p + 102. List the prime factors of (n/21 + 452/(-84))*p.
2, 7, 17
Suppose -44*r = -27*r - 30*r + 203177. What are the prime factors of r?
15629
Let l be -6 + 301/21 + 1/(-3). Suppose l*p + 1260 = 13*p. What are the prime factors of p?
2, 3, 7
Let z(p) = -16*p**3 - p**2. Let m be 10/25 + (-1 - 18/(-5)). Suppose -m*h + 5 = -3*g - 7, -5*h + 10 = 0. What are the prime factors of z(g)?
2, 31
Suppose 8*o - 3*o - 4*p - 6011 = 0, p = -5*o + 5991. Let t = o + -702. What are the prime factors of t?
7, 71
Suppose n + 6 - 19 = -3*h, 0 = 3*n + 6. Suppose -562 - 4688 = -h*s. List the prime factors of s.
2, 3, 5, 7
Suppose -11*y - 775604 = -153*y. List the prime factors of y.
2, 2731
Let n = 1398 + -1217. List the prime factors of n.
181
Let c = -154 + 112. List the prime factors of ((-9186)/c - 7) + (-6)/(-21).
2, 53
Let h = 2086 - -7814. List the prime factors of h.
2, 3, 5, 11
Suppose -84*m + 86*m - 11885 = 5*w, -2*w + 29727 = 5*m. List the prime factors of m.
5, 29, 41
Let i be (471/9)/((-15)/(-45)). Let v = i + -123. What are the prime factors of v?
2, 17
Let a(k) = -44*k + 43. Let s be a(34). List the prime factors of (-38)/(-95) - (-3)/(-15)*s.
3, 97
Suppose -2*j + 39*r - 38*r = -85442, 3*j - 128165 = 2*r. List the prime factors of j.
42719
Suppose -d + 4*b = 13, b - 10 = -2*d - 0*d. Let j(n) = -11*n. Let q be j(-5). Suppose -3*f - f = c - q, -d*c - f = -209. List the prime factors of c.
71
Let m(k) = 2*k - 14. Let z = 29 + -25. Let y(h) = -2*h + 13. Let a(u) = z*y(u) + 3*m(u). List the prime factors of a(-8).
2, 13
Let h(y) = -6*y**2 - 796*y - 234. List the prime factors of h(-55).
2, 7, 907
Suppose 2*r = 8 - 2, -2*o + 87 = 3*r. Suppose -4*n = n + 4*l - 6, -9 = -4*n + l. Suppose -n*d + o = -211. List the prime factors of d.
5
Suppose -4*m = 5*n - 7531 - 599, 0 = n + 3*m - 1626. What are the prime factors of n?
2, 3, 271
Let w(h) = -h**3 - 9*h**2 - 15*h + 17. Let q be w(-7). Let m be q/30 - 11/(-5). List the prime factors of 1*152 + (2 + -5)/m.
151
Let h be 2 - 20*-20 - (-8)/(-4). Suppose 5*q + 260 + h = 0. Let g = 243 + q. What are the prime factors of g?
3, 37
Suppose 31*z - 1242 = 928. What are the prime factors of 4*(-7679)/z*10/(-4)?
1097
Let x = -140 + 140. Suppose -8*w + 189 + 331 = x. List the prime factors of w.
5, 13
Let b(o) = -2*o**3 + 14*o**2 - 12*o + 2. Let z be b(6). Let q be ((-4)/z)/((-2)/12*-4). What are the prime factors of (2 + 5 + q)/2?
2
Let c(y) = 3*y**3 - 132*y**2 - 55*y + 205. List the prime factors of c(46).
3, 3457
Let g(v) = v**2 - 6*v - 18. Let m be 8/(15/10*(-4)/(-6)). Let q be g(m). Let b = 37 - q. What are the prime factors of b?
3, 13
Let h(x) = -3*x + 59. Let n be h(19). Suppose 642 = n*f - 4*q - 0*q, 0 = -4*f + 4*q + 1284. What are the prime factors of f?
3, 107
Let v = -6227 + 18963. List the prime factors of v.
2, 199
Let r(j) = j**3 + 8*j**2 - j - 6. Let a be r(-8). Suppose 2*m - a*g - 286 = 0, -4*m + 287 + 284 = -5*g. Let t = m - 55. What are the prime factors of t?
89
Let m = -12903 - -23508. What are the prime factors of m?
3, 5, 7, 101
Suppose 44*s + 14*s - 2297461 = 1329163. List the prime factors of s.
2, 977
Let b be 2/(-3) - (-64)/(-12). Let d(n) = n**2 + 5*n + 2. Let u be d(b). L